= -2*l + 4810. What is the hundreds digit of l?
4
What is the hundreds digit of (1656 + 6 + -4)/(6 + -4)?
8
Let n(b) = -17*b**2 + 10 + 35*b**2 + 9 - 19*b**2 + 16*b. What is the tens digit of n(15)?
3
Suppose -1 - 11 = -4*g. Suppose 4*t = 5*u - 28, -g*t + 5 = -4. Suppose h = -i + 29, 16 = 4*i - u*i. What is the units digit of h?
3
Let m be 1252/20 + 2/5. Let f = 195 - m. What is the units digit of f?
2
Suppose 4*r - 4*w = 13 + 63, -w + 71 = 5*r. Suppose 4*s + r = 9*s. Suppose -s*z = -54 - 90. What is the units digit of z?
8
Let d be 19/4 - 30/40. Let u = -2 + 4. Suppose u*w = -d*b + 26, 29 = 2*w - 0*b + b. What is the tens digit of w?
1
What is the tens digit of (2/6)/(5*(-7)/(-134715))?
8
Suppose -66*w + 71*w = 1405. What is the tens digit of w?
8
Let m(x) = -x**2 + 35*x - 1. Let d be m(22). Suppose -14*w - d = -19*w. What is the tens digit of w?
5
What is the tens digit of (((-8658)/(-8))/(-13))/(2/(-144))?
9
Let t be (-5)/30 - ((-1981)/6 - 0). Suppose -t = -4*u - u. What is the units digit of u?
6
Suppose -181 = -10*l + 789. What is the units digit of l?
7
Let x = -76 - -84. Suppose x*j - 141 = 7*j. What is the hundreds digit of j?
1
Suppose 4*x - 7*x = w - 30, -5*w + 2*x = -116. Let q = w + -21. What is the tens digit of -32*(-2 - (-3)/q)?
3
Let o = -14 + 22. Let n be (36/o)/(3/16). What is the tens digit of n/(-16)*(-104)/3?
5
Let x(h) = -31*h**3 - 3*h**2 - 2*h. Let z be x(-3). What is the tens digit of z/8 + (-4)/1?
9
What is the thousands digit of ((-98958)/(-54) - 12/(-27)) + -6?
1
Let z(j) = 358*j**2 - 2*j - 3. What is the tens digit of z(-1)?
5
Let r(y) = y**3 + 3*y**2 - y. Let p be r(-4). Let u = 280 - 237. Let f = u + p. What is the units digit of f?
1
Let j(h) be the third derivative of 0*h - h**2 + 0 + 17/12*h**4 + 1/3*h**3. What is the units digit of j(1)?
6
Let j(f) = 13 - f**2 - 4 + 17 - 18*f. Suppose 3*x + 74 = 5*k, 4*k - 7*k + 84 = -4*x. What is the tens digit of j(x)?
2
Suppose 3*w - 3 = -0. Suppose -x + 7 = w. What is the tens digit of 202/x - 18/27?
3
Let q be (-2)/(-4) - (-133)/14. Suppose q = 5*f - 2*g, 0 = 2*f + 4*g - 2 - 2. Suppose -k - 5 = -f*k, 0 = 2*t + 3*k - 97. What is the tens digit of t?
4
Let t be (0/7)/(0 + 1). Suppose 2*g - 5*r - 5 - 14 = 0, 0 = 3*g + 4*r + 6. Suppose t = 3*f - a - 117, f = -g*f - 5*a + 99. What is the tens digit of f?
3
Let l(s) = -9*s**3. Let a be l(-1). What is the units digit of 27 - a/(9/2)?
5
Suppose -2*j + 5*j + 85 = 5*s, 2*s = j + 33. Let i = -94 + 100. Suppose 0 = -2*a + s + i. What is the units digit of a?
0
Suppose 0 = 2*r + 2*r - 20. Suppose -2*v + 115 = -0*v + 5*z, 5*v + r*z = 280. What is the tens digit of v?
5
Let o = 348 - 29. What is the tens digit of o?
1
Suppose -6*o - 2*o + 96 = 0. What is the units digit of 2/o - 8/(192/(-2348))?
8
Let v be (454/8)/(3/(-12)). What is the hundreds digit of -2*v/2*6/6?
2
Suppose 0 = 76*z - 63*z - 9555. What is the tens digit of z?
3
Let c(k) = -2*k**2 - k + 66. Let l be c(0). Suppose 0 = 2*g - l + 6. What is the tens digit of g?
3
Suppose 4*d - n - 51 = -0*d, 5*d = -2*n + 80. Suppose 27 - 9 = c. Let q = c + d. What is the units digit of q?
2
Let r(a) = -a**3 + 8*a**2 + 9*a + 4. Let f be r(9). Suppose -2*h = f*n - 80, 0*n - 5*n - 3*h = -98. What is the tens digit of n?
2
Let v(w) = 11*w - 14. Let z = 22 - 27. Let x = 0 - z. What is the tens digit of v(x)?
4
What is the hundreds digit of (20 + 3338)*2/4?
6
Let w = 798 + -470. What is the hundreds digit of w?
3
What is the units digit of -7 + 6 + (896 - 1)?
4
Suppose 111 - 13 = 7*b. What is the hundreds digit of 2 - ((-3364)/b + (-4)/(-14))?
2
Suppose -6*s = 13 - 85. What is the tens digit of s?
1
What is the tens digit of (-2 - (-56)/35)/(3/(-1305))?
7
Let c(g) = g**2 - 2*g - 22. What is the tens digit of c(20)?
3
What is the tens digit of 5/(160/10572) + (-6)/16?
3
Let r be -1 + 9/7 + (-38)/(-14). Suppose -42 = r*f - 255. What is the tens digit of f?
7
What is the hundreds digit of (4/(-5))/(40/(-300)) - -1798?
8
Let u(j) = -j**2 + 10*j - 16. Let l be u(8). Suppose 0 = 5*n - l*n - 315. What is the tens digit of n?
6
Let v(q) = -q**3 - 5*q**2 - q + 2. Let m be v(-5). Let f = m + 38. What is the units digit of f?
5
Let h = -623 - -1212. What is the tens digit of h?
8
Suppose 0 = 3*t - 1256 - 316. What is the tens digit of t?
2
Let q be (-2 + (2 - 0))/(-1). Suppose q = j + 31 - 35. Suppose 2*i - j*i - 148 = -5*z, 4*z - i - 116 = 0. What is the tens digit of z?
2
Let m = -1 - -3. Let t(g) = -5*g + 15. Let r be t(-7). Suppose -r - m = -2*c. What is the units digit of c?
6
Let d = -2338 + 5679. What is the thousands digit of d?
3
Let j = 1536 + -92. What is the units digit of j?
4
Let l(u) = 11*u**2 - 29*u - 8. What is the tens digit of l(-5)?
1
Let l = -892 - -1536. What is the units digit of l?
4
Let s be (-1)/(-2) - 30/4. Let l be ((-11)/2)/(37/(-296)). What is the tens digit of (l/(-10))/(s/70)?
4
Let q = 104 - 98. Let g(t) = t**2 + 2*t + 3. Let a be g(-4). Suppose h - a = q. What is the tens digit of h?
1
Suppose 14*i - 19302 = 7242. What is the units digit of i?
6
Suppose 2*j - 2626 = 5*s, 916 = -2*j - s + 3542. What is the hundreds digit of j?
3
Let i(r) = r**3 + 25*r**2 - 3*r + 8. Let t be i(-25). Suppose 8*k = 9*k - t. What is the units digit of k?
3
Let x = 57 - 26. Suppose 2*i = -7 + x. What is the tens digit of i?
1
Suppose -2*r + 7*r = -5, 4491 = 3*d - 3*r. What is the units digit of d?
6
Suppose -2*i + 3*m = -i, -2*m = -i. Suppose i = -2*q + 632 - 108. What is the hundreds digit of q?
2
Let f = -1833 - -2683. What is the tens digit of f?
5
Let r be -5*(1 + -2)*-1. Let u(l) = -l**2 - 5*l - 10. Let p be u(r). What is the tens digit of 201/7 - p/35?
2
Let t = 7 + 151. Let c = t + 55. What is the hundreds digit of c?
2
What is the hundreds digit of (0 + (-7032)/14)*(-168)/48?
7
Let q(u) = u**2 + 15*u + 36. Let n be q(-12). Suppose n*k = 4*k - i - 542, -2*k + 5*i = -262. What is the units digit of k?
6
Let z = -3 + -1. Let r be ((-4)/(-6))/(z/(-78)). Suppose -2 = 2*h, 3*h - r + 62 = 2*d. What is the tens digit of d?
2
Let f(r) = 90*r - 276. What is the tens digit of f(29)?
3
Let i(o) = o**2 + 3*o - 5. Let f be i(-5). Suppose 0 = 5*v + 7*h - 3*h - 40, 27 = 3*v + 3*h. Suppose -f*l + 46 = -v. What is the units digit of l?
0
What is the tens digit of (4616/12)/(72/135)*4?
8
Let q(u) = 11*u - 31. Suppose 390 = 18*i + 84. What is the hundreds digit of q(i)?
1
Let r(w) = -w**3 + 2*w**2 + w - 1. Let p be r(2). Suppose t = 2 + p, 140 = 5*m - 5*t. What is the tens digit of m?
3
Let a(m) = -m**2 + 4*m + 177. Let q be a(0). Suppose -q + 71 = -2*r. What is the units digit of r?
3
Let f(t) = -t**3 + 29*t**2 + 5*t - 30. Let w(v) = -2*v**3 - 3*v**2 - 2*v - 4. Let s be w(-3). What is the tens digit of f(s)?
1
Let z(w) = -3*w**3 + w**2 - 8*w - 10. Let n be z(-4). What is the units digit of 2/(-4) - n/(-20)?
1
Let t = 5376 + -1870. What is the thousands digit of t?
3
Let x(b) = b - 2. Let f be x(2). Suppose f*y = 2*y + 36. What is the units digit of (-2 - 3/(-2))*y?
9
Suppose -4*l + 5*n = -11337, -l + 2*n + 2622 + 216 = 0. What is the thousands digit of l?
2
Suppose -2*s + 10 = 0, 2*s - 96 = n - 1378. What is the units digit of n?
2
Let d(z) = 4*z + 2. Let s be d(-3). Let h = -28 - s. What is the units digit of 2 - 0 - -1 - h?
1
Suppose -m + 1088 = -0*m. What is the tens digit of m?
8
Let d(z) = -z**3 + 3*z**2 - 4*z + 5. Let h be d(2). What is the units digit of 124/(1 + 3) - 0/h?
1
Let g(c) = -3*c + 15. Suppose 0*b - 70 = -5*b. Let o be g(b). What is the units digit of 2 + 9/(o/(-30))?
2
Let p(h) = 16*h + 4. What is the tens digit of p(16)?
6
Suppose 0*u = u - 2. Suppose -3*g - u*g = -200. What is the units digit of 1/4 - (-70)/g?
2
Let z = 40 + -37. Suppose -18 = -3*w - 3*d, -d = 3*w + z - 15. What is the units digit of w?
3
Suppose -4*g - 2*s - 18 = 0, g + 4*s = -g - 18. Let c be (g + 1)/((-2)/24). Suppose -c = -h - h. What is the tens digit of h?
1
Let z(r) = 26*r**2 - 6*r - 15. What is the tens digit of z(11)?
6
Let u(q) = q**3 + 14*q**2 + 25*q + 14. Let o be u(-12). Suppose 0 = o*f + 2*m - 52 - 268, 0 = -5*f - m + 788. What is the tens digit of f?
5
Let g = -13 + 16. Suppose g*t = 3*r + 267, -2*t + 4*r = -0*t - 176. What is the units digit of t?
0
Suppose 19365 = 4*j + 2*w + 6329, -5*j = 2*w - 16